- 463. What is the hundreds digit of x?
1
Suppose -3*j = 2*o - 61172, 33*o - 32*o + 5 = 0. What is the thousands digit of j?
0
Let m(t) = 46*t**3 + 12*t**2 + 38*t - 47. What is the ten thousands digit of m(7)?
1
What is the units digit of (-154066)/(-66) + 14/(-6)?
2
Let u be (-1)/(42/258) + (-1)/(-7). Let x be (u + -1)*(-1 + 2). Let b(f) = 4*f**2 - 4*f - 2. What is the hundreds digit of b(x)?
2
Let g be -12 - -11 - (3/(-1) - 1). Suppose -23 = -g*o - 17. What is the units digit of (338/4)/(o + 12/(-8))?
9
Suppose 0 = 8*l - 5*l - 198. What is the units digit of (-4359)/(-7) - (l/14 - 5)?
3
Suppose -5*o - 11*p = -8*p - 33, 4*o = 3*p + 48. Suppose 2 = h + 4*l, 8*h + l + o = 3*h. What is the tens digit of 2*(h/(-1))/(16/500)?
2
Let l(s) = -12132*s - 199. What is the hundreds digit of l(-6)?
5
Let p(h) = -17*h - 18. Let q be p(-9). Let j be 3 - 1/2*194. Let a = q + j. What is the tens digit of a?
4
Let p(i) = 10*i**3 + 347*i**2 + 15*i + 7. What is the tens digit of p(-26)?
2
Suppose 46*l - 213*l + 397682 = -2740749. What is the units digit of l?
3
Let s(p) = 4*p - 27. Let a be 1 + 2*(-2 - -2 - 1). Let k be a/(3/(-16))*9/6. What is the units digit of s(k)?
5
Suppose 9*x + 36 = 6*x. Let w = x + 12. What is the tens digit of (-1 - -12)/(1 + w)?
1
Let v be 104/(-6) - (-28)/(-42). Let l be (-48)/v*(-9)/(-6). Suppose 5*k - 8 = w - 108, l*w - 3*k = 349. What is the units digit of w?
5
Suppose 12*r - 6*r - 78 = 0. Suppose -9*t - 36 = -r*t. What is the tens digit of 6/9 + 183/t?
2
What is the thousands digit of (69/((-14835)/(-1727482)))/(((-12)/(-10))/3)?
0
Let j(b) = -5 - 9*b**2 + 3 - 2 + b**3 + 1. Let f be j(8). Let l = -18 - f. What is the units digit of l?
9
Let n(j) = -654*j + 145. Let s(v) = -435*v + 97. Let x(b) = -5*n(b) + 7*s(b). What is the hundreds digit of x(5)?
0
Let f(c) = -c**3 - 34*c**2 - 92*c + 38. Let x be f(-31). Suppose -x*g + 1235 = -1712. What is the tens digit of g?
2
Suppose -f + 6*o = o + 9, 16 = -3*f + 4*o. Let g be (f/(-6))/(6/(-333)). Let z = 43 + g. What is the units digit of z?
6
Suppose -r + 37 = -0*r + 5*t, t - 125 = -3*r. Suppose -r*v + 43*v = 12. What is the units digit of 17*((-3)/((-6)/(-8)) + v)?
6
Suppose 6 = -6*s + 7*s. Suppose s*n - 234 - 210 = 0. What is the units digit of n?
4
Suppose 3*m + 313 = -134. Let w = m - -437. What is the hundreds digit of w?
2
Let w = -197 + 294. Let d = w + -91. Suppose 0 = -0*z - d*z + 828. What is the hundreds digit of z?
1
Suppose -n = -2*i - 1422, 3*n = -2*i + 4*i + 4270. Let z = 2070 - n. What is the hundreds digit of z?
6
Let n(k) = 2*k - 24. Let u be n(14). What is the units digit of (-1)/(2/u) - -210?
8
Let z = 45 + -45. Suppose z = -115*a + 118*a - 1353. What is the hundreds digit of a?
4
Let m = 46 - 67. Let p = m + 31. Let a(z) = 2*z**2 - 12*z - 4. What is the tens digit of a(p)?
7
Suppose 7*c - 103 = -47. What is the tens digit of 8 - c/2 - 3*-99?
0
Suppose -3 = -15*q + 42. Suppose 2*r - 8 = 0, 4*d + q*r - 3205 + 705 = 0. What is the tens digit of d?
2
Suppose w = -3*b + 1469, -19*w + 2933 = -17*w + 5*b. Suppose z = -3*j + 874, -5*j - z = -2*z - w. What is the units digit of j?
1
Let h(m) = 6*m**3 + 2*m - 2. Let d be h(1). Suppose d*p - 4*p - 448 = 0. Suppose -p = -17*y + 15*y. What is the units digit of y?
2
Suppose 364 = -10*u + 6*u. Let h = 179 + u. What is the units digit of h?
8
Let d(l) = 360*l**2 - 231*l + 159. What is the units digit of d(13)?
6
Suppose 37390*q - 64117 - 211675 = 37382*q. What is the ten thousands digit of q?
3
Let j = 38 - 27. Let d(p) = -13*p**2 + 5*p + 12. Let h(t) = 22*t**2 - 10*t - 23. Let w(y) = 5*d(y) + 3*h(y). What is the tens digit of w(j)?
5
Suppose o + 63474 = 6*x + 2*x, -3*x = o - 23800. What is the thousands digit of x?
7
Suppose 0 = -3*w, -5*b + 5 = -5*w - 30. What is the tens digit of 342/b + 3/21?
4
Let p be (-23)/(-92) - 30/(-8). Suppose 5*f - 45 = -p*f. Suppose 0 = f*g - 3*h - 500, -3*g - 4*h = -h - 324. What is the units digit of g?
3
What is the units digit of (-2706 + (1 - 6))/((-8)/6 - -1)?
3
Let y = -874 - -2042. Let u = -678 + y. What is the units digit of u?
0
What is the units digit of 12/51 + 95133089/3247?
9
Let g be (-111)/(-9) + (-12)/(-18). Suppose 10*h - 5*h = o - 21, -5*o = -2*h - g. What is the units digit of 4 + -2 - (h - 1)?
7
Let f be (5/(-10))/(1/(-2)). Suppose -5*j + 4*r - 22 = 0, 11*j - 14*j + 3*r = 15. What is the units digit of 11*4 + 2 + f + j?
5
Let o = 14048 - 8774. Suppose 205*t = 196*t + o. What is the units digit of t?
6
What is the tens digit of 34590*(-19)/(285/(-20))?
2
Suppose 3*l - 12 = 0, -5*x + 4*x - 4*l + 16 = 0. Suppose x = -8*v - 140 + 3068. What is the hundreds digit of v?
3
Suppose -5*l = -5*j - 5, -2*j + l = -5*j - 7. What is the units digit of j/10*(-106 + -49)?
1
What is the hundreds digit of (-1)/((-20)/88600) + -5 + 0?
4
Suppose -49*m = 52*m - 1025113 - 3069528. What is the units digit of m?
1
Suppose 4*y - 654 - 350 = 0. Suppose 5*g + y - 1461 = 0. What is the units digit of g?
2
Let a(o) = -5*o**3 - 4*o**2 + 5*o + 5. Let l be a(3). Let u = 216 + l. Suppose -6 = -s + u. What is the units digit of s?
1
Suppose a - 125 = -29. Let l = 28 + 0. Suppose -v + a = l. What is the tens digit of v?
6
Suppose 0 = 47*x - 33*x + 1904. Suppose -u - 3*u = -760. Let m = x + u. What is the units digit of m?
4
Let c be 76/(-5)*(-5)/2. Let o = -34 + c. Suppose j - 105 = -j - 3*u, 0 = -o*u + 4. What is the tens digit of j?
5
Let t = 104 + -97. Suppose -4*x + 9*m - t*m = -2226, -3*x - 4*m = -1697. What is the hundreds digit of x?
5
Suppose 42846 = l - 4*s, -4*l + 1336*s - 1331*s + 171439 = 0. What is the hundreds digit of l?
8
Let r(w) = 4*w**2 + 4*w + 9. Suppose -5*l = o - 14, -3*l - 7*o = -3*o - 22. Let v be (6/4)/(l/(-8)). What is the hundreds digit of r(v)?
1
Let d be 136/32 - (1/4 + 0). Suppose -3*r + 1385 - 393 = -2*s, 8 = d*s. What is the units digit of r?
2
Suppose 10*c = 4*c + 456. Let u = c + -86. What is the tens digit of ((-29)/2*2)/(2/u)?
4
Suppose 0 = 2*i - t + 9, -3 + 6 = 4*i + 5*t. Let a(x) = 57*x**2 - 13*x - 43. What is the hundreds digit of a(i)?
5
What is the ten thousands digit of (269 + (14 - 2))/(2/146)?
2
Let t be 12/(-15) + (-280)/(-100). What is the units digit of ((2/3)/t)/(14/60396)?
8
Suppose -g + 0 + 21 = 4*p, 5*g = -3*p + 20. Suppose 0 = u + r + 7, 2*r - g = 3*u - 0*u. What is the units digit of (16/40)/(u/(-225))?
0
Let z be 30*((-6)/(-4) + 4 + -5). Let b be (1 - 9/z)/(2/(-80)). Let k = 118 + b. What is the tens digit of k?
0
Let y = -615 - -798. Let n = y - -420. What is the tens digit of n?
0
Let d(k) = k**2 - 11*k - 110. Let b be d(18). Suppose -b*l = 660 - 8452. What is the units digit of l?
7
Let x = 21829 + -12147. What is the hundreds digit of x?
6
What is the units digit of 1/7 - (-12 + (-140135)/35)?
6
Let h = 13 - 13. Suppose 8 = 2*d, -i = 2*d - h*d - 59. Let j = i - 32. What is the units digit of j?
9
Suppose -26*i - 10 = -25*i. Let w(n) = -6*n - 21. Let u be w(i). Suppose 2*t - u = 13. What is the units digit of t?
6
Suppose 0*w = -w, -2*z + 5*w = -6. Let i(p) = -2*p**2 + z*p - 10 + 30 - p**3 + 0*p**2 - 8*p**2. What is the units digit of i(-11)?
8
Suppose 0*u + 4*u - 104 = 0. Let a = 8 - 12. Let y = u + a. What is the tens digit of y?
2
Let z = -37 + 49. Let v be 1/(1/z)*(9 + -10). What is the tens digit of 19 - v - (1 - 0)*-1?
3
Let u(v) be the second derivative of -5*v**3/6 - 11*v**2/2 + 9*v. Let h be u(-3). What is the units digit of (-1424)/(-12)*6/h?
8
Suppose -40*u = 186*u - 859252. What is the thousands digit of u?
3
Let o(i) = 1110*i - 3339. What is the thousands digit of o(5)?
2
What is the thousands digit of 1/12*(133 + -123) - (-144748)/24?
6
Let x(u) be the second derivative of 11*u**3/6 + 21*u**2 - 45*u. What is the hundreds digit of x(20)?
2
Suppose -w - 11 = -d - 2*d, 3*w = -4*d + 19. Let y be 1*((w - -4) + 0/(-6)). Suppose y*h - h - 928 = 0. What is the hundreds digit of h?
2
Let v be -2*1*(-12)/6. Let t be -4*((v - 2) + -2 + 1). Let r(l) = -28*l - 35. What is the units digit of r(t)?
7
Suppose -k = -0*k + f - 28, -k + 19 = -2*f. Suppose -k = l - 81. What is the tens digit of l?
5
Let h(f) be the second derivative of -17*f**3/3 - 9*f**2 + 41*f. Suppose 3*g + 3 + 9 = 0. What is the units digit of h(g)?
8
Let a(z) = 10*z**3 - 7*z**2 + 5*z - 9. Le